{"id":11317,"date":"2025-09-24T10:01:56","date_gmt":"2025-09-24T10:01:56","guid":{"rendered":"https:\/\/cleanr.lv\/clean-r\/?page_id=11317"},"modified":"2026-02-23T07:12:07","modified_gmt":"2026-02-23T07:12:07","slug":"viegli-lasit","status":"publish","type":"page","link":"https:\/\/cleanr.lv\/clean-r\/viegli-lasit\/","title":{"rendered":"Viegli las\u012bt"},"content":{"rendered":"\n<h4 class=\"wp-block-heading\"><strong>Kas ir CleanR?<\/strong><\/h4>\n\n\n\n<p>CleanR ir uz\u0146\u0113mums, kas r\u016bp\u0113jas par vidi.<br><br>M\u0113s esam sadz\u012bves atkritumu apsaimnieko\u0161anas uz\u0146\u0113mums.<br><br>M\u0113s apsaimniekojam sadz\u012bves atkritumus div\u0101s R\u012bgas teritorij\u0101s un Pier\u012bg\u0101, k\u0101 ar\u012b 7 Latvijas pa\u0161vald\u012bb\u0101s.<\/p>\n\n\n\n<p><strong>Ko dara CleanR?<\/strong><\/p>\n\n\n\n<p>Clean R atkritumved\u0113ji izved sadz\u012bves atkritumus no m\u0101j\u0101m un uz\u0146\u0113mumiem.<br><br>M\u0113s pal\u012bdzam cilv\u0113kiem un uz\u0146\u0113mumiem \u0161\u0137irot atkritumus:<br>&#8211; plastmasu, pap\u012bru, met\u0101lu,<br>&#8211; stiklu,<br>&#8211; biolo\u0123iskos atkritumus (piem\u0113ram, p\u0101rtikas p\u0101rpalikumus, z\u0101li, lapas).<br><br>Nodro\u0161in\u0101m ar\u012b lielgabar\u012bta atkritumu izve\u0161anu (piem\u0113ram, m\u0113beles).<br><br>M\u0113s pal\u012bdzam uz\u0146\u0113mumiem ar speci\u0101lu atkritumu apsaimnieko\u0161anu (piem\u0113ram, b\u012bstamiem atkritumiem, p\u0101rtikas e\u013c\u013c\u0101m, b\u016bvgru\u017eiem).<\/p>\n\n\n\n<p><strong>Kur atrodas CleanR?<\/strong><\/p>\n\n\n\n<p>CleanR adrese ir: R\u012bga, Vietalvas iela 5.<\/p>\n\n\n\n<p><strong>K\u0101 sazin\u0101ties ar CleanR?<\/strong><\/p>\n\n\n\n<p>Uz CleanR var piezvan\u012bt pa t\u0101lruni 67111001<br>Var rakst\u012bt uz e-pastu: kc@cleanr.lv <\/p>\n\n\n\n<p>Ja ir jaut\u0101jumi, dro\u0161i zvaniet vai rakstiet.<br>M\u0113s pal\u012bdz\u0113sim!<\/p>\n\n\n\n<p><br>_____________________________________________________________<\/p>\n\n\n\n<p><br><strong>Projekts &#8220;Jauni konteineri lab\u0101kai atkritumu \u0161\u0137iro\u0161anai&#8221;<\/strong><br><br>SIA &#8220;Clean R&#8221; 2025.gada janv\u0101r\u012b s\u0101ka darbu pie projekta, kura <strong>galvenais m\u0113r\u0137is ir pal\u012bdz\u0113t cilv\u0113kiem lab\u0101k \u0161\u0137irot atkritumus<\/strong>. Projektu \u012bsteno sadarb\u012bb\u0101 ar Centr\u0101lo finan\u0161u un l\u012bgumu a\u0123ent\u016bru ar Koh\u0113zijas fonda finansi\u0101lo atbalstu.<br><br><strong>K\u0101p\u0113c tas ir vajadz\u012bgs?<\/strong><br>Latvijai ir risks <strong>nesasniegt<\/strong> svar\u012bgus m\u0113r\u0137us, kas saist\u012bti ar atkritumu p\u0101rstr\u0101di l\u012bdz 2025.gadam:<br>&#8211; mums j\u0101sagatavo atk\u0101rtotai izmanto\u0161anai un p\u0101rstr\u0101dei <strong>55%<\/strong> no sadz\u012bves atkritumiem.<br>&#8211; j\u0101p\u0101rstr\u0101d\u0101 <strong>50%<\/strong> no plastmasas iepakojuma.<br>L\u012bdz 2035.gadam atkritumu poligonos dr\u012bkst apglab\u0101t vairs tikai <strong>10%<\/strong> no visiem sadz\u012bves atkritumiem.<br>\u0160os m\u0113r\u0137us var\u0113tu nesasniegt, jo:<br>&#8211; valst\u012b <strong>nav pietiekami daudz<\/strong> vietu un konteineru, kur \u0161\u0137irot atkritumus.<br><strong>&#8211; nepietiekami daudz cilv\u0113ku<\/strong> akt\u012bvi iesaist\u0101s atkritumu \u0161\u0137iro\u0161an\u0101.<br><br><strong>K\u0101 projekts pal\u012bdz\u0113s?<\/strong><br>Projekts risina abas probl\u0113mas:<br>&#8211; <strong>Vair\u0101k konteineru:<\/strong> tiks nopirkti un uzst\u0101d\u012bti <strong>jauni konteineri<\/strong> da\u017e\u0101du veidu atkritumu \u0161\u0137iro\u0161anai.<br>&#8211; <strong>Izgl\u012bto\u0161ana:<\/strong> cilv\u0113ki tiks <strong>izgl\u012btoti<\/strong> par to, cik svar\u012bgi ir \u0161\u0137irot, k\u0101 ar\u012b par to, k\u0101 rad\u012bt maz\u0101k atkritumu jau s\u0101kotn\u0113ji.<br><br><strong>K\u0101di konteineri tiks ieg\u0101d\u0101ti?<\/strong><br>Pl\u0101nots pirkt da\u017e\u0101da izm\u0113ra konteinerus:<br>&#8211; plastmasas iepakojumam (lieli, vid\u0113ji, mazi).<br>&#8211; biolo\u0123iskajiem atkritumiem (piem\u0113ram, p\u0101rtikas atliek\u0101m).<br>&#8211; tekstila atkritumiem (dr\u0113b\u0113m).<br>&#8211; lieliem atkritumiem, piem\u0113ram, b\u016bvgru\u017eiem un vec\u0101m m\u0113bel\u0113m.<br>&#8211; speci\u0101lu konteineru videi kait\u012bg\u0101m liet\u0101m (piem\u0113ram, baterij\u0101m).<br><br><strong>Darbs turpin\u0101sies ar\u012b p\u0113c projekta beig\u0101m<\/strong><br>Projekts beigsies 2025.gada 31.decembr\u012b, bet no <strong>2026. l\u012bdz 2030.gadam<\/strong> v\u0113l notiks da\u017e\u0101das <strong>sabiedr\u012bbas <\/strong><br><strong>inform\u0113\u0161anas aktivit\u0101tes<\/strong>:<br>&#8211; p\u0113t\u012bjums par cilv\u0113ku \u0161\u0137iro\u0161anas paradumiem;<br>&#8211; tie\u0161saistes apm\u0101c\u012bbas par \u0161\u0137iro\u0161anu;<br>&#8211; \u0161\u0137iro\u0161anas meistarklases;<br>&#8211; inform\u0101cijas s\u016bt\u012b\u0161ana klientiem;<br>&#8211; uzlabots r\u012bks, kas pal\u012bdz\u0113s cilv\u0113kiem uzzin\u0101t, cik labi vi\u0146i \u0161\u0137iro.<br><br><strong>Projekta izmaksas<\/strong><br>Projekta kop\u0113j\u0101s izmaksas ir <strong>324 916,83 eiro, <\/strong>t.sk., Koh\u0113zijas fonda finans\u0113jums: 276&nbsp;179,30 EUR.<\/p>\n\n\n<div id=\"image-block_fc68b26017d52eeb0d1d1f9c092cf178\" class=\"text-content__image\">\n            <img decoding=\"async\" src=\"https:\/\/cleanr.lv\/clean-r\/wp-content\/uploads\/sites\/2\/2025\/12\/projekta-logo-940x529.png\" alt=\"\" \/>\n    <\/div>","protected":false},"excerpt":{"rendered":"<p>Kas ir CleanR? CleanR ir uz\u0146\u0113mums, kas r\u016bp\u0113jas par vidi. M\u0113s esam sadz\u012bves atkritumu apsaimnieko\u0161anas uz\u0146\u0113mums. M\u0113s apsaimniekojam sadz\u012bves atkritumus div\u0101s R\u012bgas teritorij\u0101s un Pier\u012bg\u0101, k\u0101 ar\u012b 7 Latvijas pa\u0161vald\u012bb\u0101s. Ko dara CleanR? Clean R atkritumved\u0113ji izved sadz\u012bves atkritumus no m\u0101j\u0101m un uz\u0146\u0113mumiem. M\u0113s pal\u012bdzam cilv\u0113kiem un uz\u0146\u0113mumiem \u0161\u0137irot atkritumus:&#8211; plastmasu, pap\u012bru, met\u0101lu,&#8211; stiklu,&#8211; biolo\u0123iskos [&hellip;]<\/p>\n","protected":false},"author":2,"featured_media":0,"parent":0,"menu_order":0,"comment_status":"closed","ping_status":"closed","template":"template-easy.php","meta":{"_acf_changed":false,"inline_featured_image":false,"footnotes":""},"class_list":["post-11317","page","type-page","status-publish","hentry"],"acf":[],"_links":{"self":[{"href":"https:\/\/cleanr.lv\/clean-r\/wp-json\/wp\/v2\/pages\/11317","targetHints":{"allow":["GET"]}}],"collection":[{"href":"https:\/\/cleanr.lv\/clean-r\/wp-json\/wp\/v2\/pages"}],"about":[{"href":"https:\/\/cleanr.lv\/clean-r\/wp-json\/wp\/v2\/types\/page"}],"author":[{"embeddable":true,"href":"https:\/\/cleanr.lv\/clean-r\/wp-json\/wp\/v2\/users\/2"}],"replies":[{"embeddable":true,"href":"https:\/\/cleanr.lv\/clean-r\/wp-json\/wp\/v2\/comments?post=11317"}],"version-history":[{"count":8,"href":"https:\/\/cleanr.lv\/clean-r\/wp-json\/wp\/v2\/pages\/11317\/revisions"}],"predecessor-version":[{"id":11747,"href":"https:\/\/cleanr.lv\/clean-r\/wp-json\/wp\/v2\/pages\/11317\/revisions\/11747"}],"wp:attachment":[{"href":"https:\/\/cleanr.lv\/clean-r\/wp-json\/wp\/v2\/media?parent=11317"}],"curies":[{"name":"wp","href":"https:\/\/api.w.org\/{rel}","templated":true}]}}