{"id":790,"date":"2021-02-03T12:37:56","date_gmt":"2021-02-03T12:37:56","guid":{"rendered":"https:\/\/cleanr.lv\/verso\/?page_id=790"},"modified":"2025-01-20T06:13:45","modified_gmt":"2025-01-20T06:13:45","slug":"verso-komanda","status":"publish","type":"page","link":"https:\/\/cleanr.lv\/verso\/verso-komanda\/","title":{"rendered":"Komanda"},"content":{"rendered":"","protected":false},"excerpt":{"rendered":"","protected":false},"author":1,"featured_media":0,"parent":0,"menu_order":0,"comment_status":"closed","ping_status":"closed","template":"template-team.php","meta":{"_acf_changed":false,"inline_featured_image":false,"footnotes":""},"class_list":["post-790","page","type-page","status-publish","hentry"],"acf":[],"yoast_head":"<!-- This site is optimized with the Yoast SEO plugin v27.0 - https:\/\/yoast.com\/product\/yoast-seo-wordpress\/ -->\n<title>M\u016bsu Komanda \u2013 Atbild\u012bba un Inov\u0101cijas ar Verso CleanR<\/title>\n<meta name=\"description\" content=\"Iepaz\u012bsties ar Verso CleanR komandu, kura ar atbild\u012bbu un inov\u0101ciju pal\u012bdz uz\u0146\u0113mumam augt un att\u012bst\u012bties. Uzzini vair\u0101k par m\u016bsu komandas locek\u013ciem un to profesion\u0101lo pieeju.\" \/>\n<meta name=\"robots\" content=\"index, follow, max-snippet:-1, max-image-preview:large, max-video-preview:-1\" \/>\n<link rel=\"canonical\" href=\"https:\/\/cleanr.lv\/verso\/verso-komanda\/\" \/>\n<meta property=\"og:locale\" content=\"en_US\" \/>\n<meta property=\"og:type\" content=\"article\" \/>\n<meta property=\"og:title\" content=\"M\u016bsu Komanda \u2013 Atbild\u012bba un Inov\u0101cijas ar Verso CleanR\" \/>\n<meta property=\"og:description\" content=\"Iepaz\u012bsties ar Verso CleanR komandu, kura ar atbild\u012bbu un inov\u0101ciju pal\u012bdz uz\u0146\u0113mumam augt un att\u012bst\u012bties. Uzzini vair\u0101k par m\u016bsu komandas locek\u013ciem un to profesion\u0101lo pieeju.\" \/>\n<meta property=\"og:url\" content=\"https:\/\/cleanr.lv\/verso\/verso-komanda\/\" \/>\n<meta property=\"og:site_name\" content=\"Verso\" \/>\n<meta property=\"article:modified_time\" content=\"2025-01-20T06:13:45+00:00\" \/>\n<meta name=\"twitter:card\" content=\"summary_large_image\" \/>\n<script type=\"application\/ld+json\" class=\"yoast-schema-graph\">{\"@context\":\"https:\/\/schema.org\",\"@graph\":[{\"@type\":\"WebPage\",\"@id\":\"https:\/\/cleanr.lv\/verso\/verso-komanda\/\",\"url\":\"https:\/\/cleanr.lv\/verso\/verso-komanda\/\",\"name\":\"M\u016bsu Komanda \u2013 Atbild\u012bba un Inov\u0101cijas ar Verso CleanR\",\"isPartOf\":{\"@id\":\"https:\/\/cleanr.lv\/verso\/#website\"},\"datePublished\":\"2021-02-03T12:37:56+00:00\",\"dateModified\":\"2025-01-20T06:13:45+00:00\",\"description\":\"Iepaz\u012bsties ar Verso CleanR komandu, kura ar atbild\u012bbu un inov\u0101ciju pal\u012bdz uz\u0146\u0113mumam augt un att\u012bst\u012bties. Uzzini vair\u0101k par m\u016bsu komandas locek\u013ciem un to profesion\u0101lo pieeju.\",\"breadcrumb\":{\"@id\":\"https:\/\/cleanr.lv\/verso\/verso-komanda\/#breadcrumb\"},\"inLanguage\":\"en-US\",\"potentialAction\":[{\"@type\":\"ReadAction\",\"target\":[\"https:\/\/cleanr.lv\/verso\/verso-komanda\/\"]}]},{\"@type\":\"BreadcrumbList\",\"@id\":\"https:\/\/cleanr.lv\/verso\/verso-komanda\/#breadcrumb\",\"itemListElement\":[{\"@type\":\"ListItem\",\"position\":1,\"name\":\"Home\",\"item\":\"https:\/\/cleanr.lv\/verso\/\"},{\"@type\":\"ListItem\",\"position\":2,\"name\":\"Komanda\"}]},{\"@type\":\"WebSite\",\"@id\":\"https:\/\/cleanr.lv\/verso\/#website\",\"url\":\"https:\/\/cleanr.lv\/verso\/\",\"name\":\"Verso\",\"description\":\"\",\"potentialAction\":[{\"@type\":\"SearchAction\",\"target\":{\"@type\":\"EntryPoint\",\"urlTemplate\":\"https:\/\/cleanr.lv\/verso\/?s={search_term_string}\"},\"query-input\":{\"@type\":\"PropertyValueSpecification\",\"valueRequired\":true,\"valueName\":\"search_term_string\"}}],\"inLanguage\":\"en-US\"}]}<\/script>\n<!-- \/ Yoast SEO plugin. -->","yoast_head_json":{"title":"M\u016bsu Komanda \u2013 Atbild\u012bba un Inov\u0101cijas ar Verso CleanR","description":"Iepaz\u012bsties ar Verso CleanR komandu, kura ar atbild\u012bbu un inov\u0101ciju pal\u012bdz uz\u0146\u0113mumam augt un att\u012bst\u012bties. Uzzini vair\u0101k par m\u016bsu komandas locek\u013ciem un to profesion\u0101lo pieeju.","robots":{"index":"index","follow":"follow","max-snippet":"max-snippet:-1","max-image-preview":"max-image-preview:large","max-video-preview":"max-video-preview:-1"},"canonical":"https:\/\/cleanr.lv\/verso\/verso-komanda\/","og_locale":"en_US","og_type":"article","og_title":"M\u016bsu Komanda \u2013 Atbild\u012bba un Inov\u0101cijas ar Verso CleanR","og_description":"Iepaz\u012bsties ar Verso CleanR komandu, kura ar atbild\u012bbu un inov\u0101ciju pal\u012bdz uz\u0146\u0113mumam augt un att\u012bst\u012bties. Uzzini vair\u0101k par m\u016bsu komandas locek\u013ciem un to profesion\u0101lo pieeju.","og_url":"https:\/\/cleanr.lv\/verso\/verso-komanda\/","og_site_name":"Verso","article_modified_time":"2025-01-20T06:13:45+00:00","twitter_card":"summary_large_image","schema":{"@context":"https:\/\/schema.org","@graph":[{"@type":"WebPage","@id":"https:\/\/cleanr.lv\/verso\/verso-komanda\/","url":"https:\/\/cleanr.lv\/verso\/verso-komanda\/","name":"M\u016bsu Komanda \u2013 Atbild\u012bba un Inov\u0101cijas ar Verso CleanR","isPartOf":{"@id":"https:\/\/cleanr.lv\/verso\/#website"},"datePublished":"2021-02-03T12:37:56+00:00","dateModified":"2025-01-20T06:13:45+00:00","description":"Iepaz\u012bsties ar Verso CleanR komandu, kura ar atbild\u012bbu un inov\u0101ciju pal\u012bdz uz\u0146\u0113mumam augt un att\u012bst\u012bties. Uzzini vair\u0101k par m\u016bsu komandas locek\u013ciem un to profesion\u0101lo pieeju.","breadcrumb":{"@id":"https:\/\/cleanr.lv\/verso\/verso-komanda\/#breadcrumb"},"inLanguage":"en-US","potentialAction":[{"@type":"ReadAction","target":["https:\/\/cleanr.lv\/verso\/verso-komanda\/"]}]},{"@type":"BreadcrumbList","@id":"https:\/\/cleanr.lv\/verso\/verso-komanda\/#breadcrumb","itemListElement":[{"@type":"ListItem","position":1,"name":"Home","item":"https:\/\/cleanr.lv\/verso\/"},{"@type":"ListItem","position":2,"name":"Komanda"}]},{"@type":"WebSite","@id":"https:\/\/cleanr.lv\/verso\/#website","url":"https:\/\/cleanr.lv\/verso\/","name":"Verso","description":"","potentialAction":[{"@type":"SearchAction","target":{"@type":"EntryPoint","urlTemplate":"https:\/\/cleanr.lv\/verso\/?s={search_term_string}"},"query-input":{"@type":"PropertyValueSpecification","valueRequired":true,"valueName":"search_term_string"}}],"inLanguage":"en-US"}]}},"_links":{"self":[{"href":"https:\/\/cleanr.lv\/verso\/wp-json\/wp\/v2\/pages\/790","targetHints":{"allow":["GET"]}}],"collection":[{"href":"https:\/\/cleanr.lv\/verso\/wp-json\/wp\/v2\/pages"}],"about":[{"href":"https:\/\/cleanr.lv\/verso\/wp-json\/wp\/v2\/types\/page"}],"author":[{"embeddable":true,"href":"https:\/\/cleanr.lv\/verso\/wp-json\/wp\/v2\/users\/1"}],"replies":[{"embeddable":true,"href":"https:\/\/cleanr.lv\/verso\/wp-json\/wp\/v2\/comments?post=790"}],"version-history":[{"count":35,"href":"https:\/\/cleanr.lv\/verso\/wp-json\/wp\/v2\/pages\/790\/revisions"}],"predecessor-version":[{"id":8659,"href":"https:\/\/cleanr.lv\/verso\/wp-json\/wp\/v2\/pages\/790\/revisions\/8659"}],"wp:attachment":[{"href":"https:\/\/cleanr.lv\/verso\/wp-json\/wp\/v2\/media?parent=790"}],"curies":[{"name":"wp","href":"https:\/\/api.w.org\/{rel}","templated":true}]}}