{"id":840,"date":"2021-02-03T15:32:59","date_gmt":"2021-02-03T15:32:59","guid":{"rendered":"https:\/\/cleanr.lv\/verso\/?page_id=840"},"modified":"2026-04-21T16:48:43","modified_gmt":"2026-04-21T16:48:43","slug":"verso-kontakti","status":"publish","type":"page","link":"https:\/\/cleanr.lv\/verso\/verso-kontakti\/","title":{"rendered":"Kontakti"},"content":{"rendered":"","protected":false},"excerpt":{"rendered":"","protected":false},"author":1,"featured_media":0,"parent":0,"menu_order":0,"comment_status":"closed","ping_status":"closed","template":"template-contacts.php","meta":{"_acf_changed":false,"inline_featured_image":false,"footnotes":""},"class_list":["post-840","page","type-page","status-publish","hentry"],"acf":[],"yoast_head":"<!-- This site is optimized with the Yoast SEO plugin v27.0 - https:\/\/yoast.com\/product\/yoast-seo-wordpress\/ -->\n<title>Sazinies ar Mums \u2013 CleanR Verso Kontaktu Inform\u0101cija<\/title>\n<meta name=\"description\" content=\"Uzziniet, k\u0101 sazin\u0101ties ar CleanR Verso, lai sa\u0146emtu atbalstu vai inform\u0101ciju. M\u016bsu kontaktinform\u0101cija, darba laiki un adreses \u0161eit pieejamas.\" \/>\n<meta name=\"robots\" content=\"index, follow, max-snippet:-1, max-image-preview:large, max-video-preview:-1\" \/>\n<link rel=\"canonical\" href=\"https:\/\/cleanr.lv\/verso\/verso-kontakti\/\" \/>\n<meta property=\"og:locale\" content=\"en_US\" \/>\n<meta property=\"og:type\" content=\"article\" \/>\n<meta property=\"og:title\" content=\"Sazinies ar Mums \u2013 CleanR Verso Kontaktu Inform\u0101cija\" \/>\n<meta property=\"og:description\" content=\"Uzziniet, k\u0101 sazin\u0101ties ar CleanR Verso, lai sa\u0146emtu atbalstu vai inform\u0101ciju. M\u016bsu kontaktinform\u0101cija, darba laiki un adreses \u0161eit pieejamas.\" \/>\n<meta property=\"og:url\" content=\"https:\/\/cleanr.lv\/verso\/verso-kontakti\/\" \/>\n<meta property=\"og:site_name\" content=\"Verso\" \/>\n<meta property=\"article:modified_time\" content=\"2026-04-21T16:48:43+00:00\" \/>\n<meta name=\"twitter:card\" content=\"summary_large_image\" \/>\n<script type=\"application\/ld+json\" class=\"yoast-schema-graph\">{\"@context\":\"https:\/\/schema.org\",\"@graph\":[{\"@type\":\"WebPage\",\"@id\":\"https:\/\/cleanr.lv\/verso\/verso-kontakti\/\",\"url\":\"https:\/\/cleanr.lv\/verso\/verso-kontakti\/\",\"name\":\"Sazinies ar Mums \u2013 CleanR Verso Kontaktu Inform\u0101cija\",\"isPartOf\":{\"@id\":\"https:\/\/cleanr.lv\/verso\/#website\"},\"datePublished\":\"2021-02-03T15:32:59+00:00\",\"dateModified\":\"2026-04-21T16:48:43+00:00\",\"description\":\"Uzziniet, k\u0101 sazin\u0101ties ar CleanR Verso, lai sa\u0146emtu atbalstu vai inform\u0101ciju. M\u016bsu kontaktinform\u0101cija, darba laiki un adreses \u0161eit pieejamas.\",\"breadcrumb\":{\"@id\":\"https:\/\/cleanr.lv\/verso\/verso-kontakti\/#breadcrumb\"},\"inLanguage\":\"en-US\",\"potentialAction\":[{\"@type\":\"ReadAction\",\"target\":[\"https:\/\/cleanr.lv\/verso\/verso-kontakti\/\"]}]},{\"@type\":\"BreadcrumbList\",\"@id\":\"https:\/\/cleanr.lv\/verso\/verso-kontakti\/#breadcrumb\",\"itemListElement\":[{\"@type\":\"ListItem\",\"position\":1,\"name\":\"Home\",\"item\":\"https:\/\/cleanr.lv\/verso\/\"},{\"@type\":\"ListItem\",\"position\":2,\"name\":\"Kontakti\"}]},{\"@type\":\"WebSite\",\"@id\":\"https:\/\/cleanr.lv\/verso\/#website\",\"url\":\"https:\/\/cleanr.lv\/verso\/\",\"name\":\"Verso\",\"description\":\"\",\"potentialAction\":[{\"@type\":\"SearchAction\",\"target\":{\"@type\":\"EntryPoint\",\"urlTemplate\":\"https:\/\/cleanr.lv\/verso\/?s={search_term_string}\"},\"query-input\":{\"@type\":\"PropertyValueSpecification\",\"valueRequired\":true,\"valueName\":\"search_term_string\"}}],\"inLanguage\":\"en-US\"}]}<\/script>\n<!-- \/ Yoast SEO plugin. -->","yoast_head_json":{"title":"Sazinies ar Mums \u2013 CleanR Verso Kontaktu Inform\u0101cija","description":"Uzziniet, k\u0101 sazin\u0101ties ar CleanR Verso, lai sa\u0146emtu atbalstu vai inform\u0101ciju. M\u016bsu kontaktinform\u0101cija, darba laiki un adreses \u0161eit pieejamas.","robots":{"index":"index","follow":"follow","max-snippet":"max-snippet:-1","max-image-preview":"max-image-preview:large","max-video-preview":"max-video-preview:-1"},"canonical":"https:\/\/cleanr.lv\/verso\/verso-kontakti\/","og_locale":"en_US","og_type":"article","og_title":"Sazinies ar Mums \u2013 CleanR Verso Kontaktu Inform\u0101cija","og_description":"Uzziniet, k\u0101 sazin\u0101ties ar CleanR Verso, lai sa\u0146emtu atbalstu vai inform\u0101ciju. M\u016bsu kontaktinform\u0101cija, darba laiki un adreses \u0161eit pieejamas.","og_url":"https:\/\/cleanr.lv\/verso\/verso-kontakti\/","og_site_name":"Verso","article_modified_time":"2026-04-21T16:48:43+00:00","twitter_card":"summary_large_image","schema":{"@context":"https:\/\/schema.org","@graph":[{"@type":"WebPage","@id":"https:\/\/cleanr.lv\/verso\/verso-kontakti\/","url":"https:\/\/cleanr.lv\/verso\/verso-kontakti\/","name":"Sazinies ar Mums \u2013 CleanR Verso Kontaktu Inform\u0101cija","isPartOf":{"@id":"https:\/\/cleanr.lv\/verso\/#website"},"datePublished":"2021-02-03T15:32:59+00:00","dateModified":"2026-04-21T16:48:43+00:00","description":"Uzziniet, k\u0101 sazin\u0101ties ar CleanR Verso, lai sa\u0146emtu atbalstu vai inform\u0101ciju. M\u016bsu kontaktinform\u0101cija, darba laiki un adreses \u0161eit pieejamas.","breadcrumb":{"@id":"https:\/\/cleanr.lv\/verso\/verso-kontakti\/#breadcrumb"},"inLanguage":"en-US","potentialAction":[{"@type":"ReadAction","target":["https:\/\/cleanr.lv\/verso\/verso-kontakti\/"]}]},{"@type":"BreadcrumbList","@id":"https:\/\/cleanr.lv\/verso\/verso-kontakti\/#breadcrumb","itemListElement":[{"@type":"ListItem","position":1,"name":"Home","item":"https:\/\/cleanr.lv\/verso\/"},{"@type":"ListItem","position":2,"name":"Kontakti"}]},{"@type":"WebSite","@id":"https:\/\/cleanr.lv\/verso\/#website","url":"https:\/\/cleanr.lv\/verso\/","name":"Verso","description":"","potentialAction":[{"@type":"SearchAction","target":{"@type":"EntryPoint","urlTemplate":"https:\/\/cleanr.lv\/verso\/?s={search_term_string}"},"query-input":{"@type":"PropertyValueSpecification","valueRequired":true,"valueName":"search_term_string"}}],"inLanguage":"en-US"}]}},"_links":{"self":[{"href":"https:\/\/cleanr.lv\/verso\/wp-json\/wp\/v2\/pages\/840","targetHints":{"allow":["GET"]}}],"collection":[{"href":"https:\/\/cleanr.lv\/verso\/wp-json\/wp\/v2\/pages"}],"about":[{"href":"https:\/\/cleanr.lv\/verso\/wp-json\/wp\/v2\/types\/page"}],"author":[{"embeddable":true,"href":"https:\/\/cleanr.lv\/verso\/wp-json\/wp\/v2\/users\/1"}],"replies":[{"embeddable":true,"href":"https:\/\/cleanr.lv\/verso\/wp-json\/wp\/v2\/comments?post=840"}],"version-history":[{"count":84,"href":"https:\/\/cleanr.lv\/verso\/wp-json\/wp\/v2\/pages\/840\/revisions"}],"predecessor-version":[{"id":8937,"href":"https:\/\/cleanr.lv\/verso\/wp-json\/wp\/v2\/pages\/840\/revisions\/8937"}],"wp:attachment":[{"href":"https:\/\/cleanr.lv\/verso\/wp-json\/wp\/v2\/media?parent=840"}],"curies":[{"name":"wp","href":"https:\/\/api.w.org\/{rel}","templated":true}]}}